1*o + 2. Give f(j).
24
Suppose -37*j = 267 + 399. Let q(f) = -f**2 - 16*f + 22. Give q(j).
-14
Let u(t) = t**3 + 7*t**2 + t. Let m(r) = 2 - 2 + r - 4. Let j be m(-3). Determine u(j).
-7
Suppose 115*h = 114*h + 2. Let k(m) = -3*m**h - 469*m + 10*m**3 + 4*m**2 + 470*m. Determine k(-1).
-10
Let y(o) = 11*o**2 - 102*o - 5. Suppose -180*u - 3*v + 63 = -175*u, v - 6 = 0. Calculate y(u).
-32
Let z(o) = -o**2 - 13*o + 4. Suppose 38 = -4*g + 2*h, 1037*g + h + 29 = 1033*g. Give z(g).
44
Let g be 48/192 + 2*22/16. Suppose 5*s - 13 = -0*s + g*a, 0 = 4*a + 4. Let c(r) = 5*r**2 - 17 + r - 7 + s - 4*r**2. Determine c(0).
-22
Suppose -12*l - 12*l = -120. Let p(y) be the third derivative of y**4/24 - 5*y**3/3 - 146*y**2. Calculate p(l).
-5
Let k(p) = p - 14. Suppose 2*h + 45 = -3*h. Let m be 1 + h - (55 + -63). What is k(m)?
-14
Let m = 4898 - 4888. Let i(q) = -q**2 + 12*q - 28. Give i(m).
-8
Let j(y) be the third derivative of y**5/60 - y**4/3 + 13*y**3/6 - 10*y**2. Let m be j(6). Let v(z) = 9*z - 11*z - 5*z - m - z**2. Give v(-7).
-1
Let l(p) be the second derivative of p**4/12 - p**3/2 + 7*p**2 - 479*p - 8. Determine l(9).
68
Let p = 30480 - 30479. Let j(b) be the first derivative of -p + b + 0*b**3 + b**2 + 3/4*b**4. Give j(-1).
-4
Let x(s) = -41*s - 13. Let a(i) = 51*i + 14. Let m(y) = 4*a(y) + 5*x(y). Let n be 2/5 - 2/5. Give m(n).
-9
Let g(o) = -o**2 + 3. Let k be g(3). Let u(n) = 28*n**3 + 2*n**2 - 3*n - 22. Let p(q) = -65*q**3 - 3*q**2 + 5*q + 53. Let s(m) = 3*p(m) + 7*u(m). What is s(k)?
5
Suppose 0 = z + 5 - 49. Suppose 5*g - 9 + z = 0. Let j(l) be the third derivative of l**4/12 + 5*l**3/3 - 4*l**2. What is j(g)?
-4
Let h be (-56)/(-12)*(-11 - 249/(-21)). Let n(m) = 23*m - 2. Give n(h).
90
Let j(x) be the second derivative of -x**4/6 - 37*x**3/6 - 167*x**2/2 - 4902*x. Give j(-8).
1
Let l = -342 - -348. Let n(z) be the first derivative of z**4/12 - z**3/2 - 5*z**2/2 + 5*z + 1. Let s(r) be the first derivative of n(r). Give s(l).
13
Let u be (-3)/4*(-11 + (-19)/3). Let a(h) be the first derivative of -5/2*h**2 - u + 1/3*h**3 + 2*h. Calculate a(8).
26
Let n(f) = -8*f + 2*f**2 + 0*f**3 - 11 - 10*f**2 + f**3. Suppose 640 = 3*r + 5*r. Suppose -5*x + 125 = r. Determine n(x).
-2
Let r(j) be the second derivative of 27*j - 1/2*j**3 + 1/12*j**4 - 5/2*j**2 + 0. Suppose 4*f = 2*p - f - 7, 3*f = 5*p - 27. What is r(p)?
13
Let q = -2972 - -2975. Let d(u) = -2*u**2 + 2*u - 2. What is d(q)?
-14
Let b(h) = -5*h**2 - 2*h + 16. Let n(s) = -104*s + 308. Let u be n(3). Determine b(u).
-56
Let i(u) = -9*u + 31. Let p(k) = -k**3 - 9*k**2 + 162*k + 5. Let m be p(9). Determine i(m).
-14
Let k(m) = 3*m + 4. Let n = 7 + -16. Let o = 11 + n. Let r(t) = -4*t**2 + 5*t. Let w be r(o). Calculate k(w).
-14
Let i(k) be the third derivative of -k**5/20 - 7*k**4/12 - 5*k**3/6 - 30*k**2. Calculate i(-6).
-29
Let u = 5316 - 5347. Let c(x) = x**3 + 31*x**2 - 4*x - 118. Give c(u).
6
Let o(k) = 2*k - 5*k + k - 1. Let n(r) = 2*r**3 - 22*r**2 - 24*r + 9. Let s be n(12). Let g be 36/27*s/(-6). What is o(g)?
3
Let p(h) be the second derivative of -h**4/4 - 7*h**3/6 + 7*h**2/2 + 2935*h. What is p(1)?
-3
Let m(s) = -17*s**2 + 7*s + 13. Let h(t) = 16*t**2 - 6*t - 11. Let v = 457 + -464. Let j(a) = v*h(a) - 6*m(a). Determine j(1).
-11
Let z(i) = -i**3 - 5*i - 2. Let n = -276 + 278. Suppose n*w - 4 = -5*g, -20*w - g = -24*w - 14. Give z(w).
40
Let f(g) = -30 + g + 12*g - 16 - 7*g - 2*g. Give f(11).
-2
Let x be (-15)/3 - -1*1. Let v(z) be the first derivative of z**3/3 - z**2 - 3*z + 2632. What is v(x)?
21
Let f be 63/567 + 34/18. Suppose -3*q + 4*y - 6*y + 19 = 0, -5*q + 3*y = -57. Let j(t) = -q*t + 3 + 1 + f*t - 2. Determine j(2).
-12
Let k(p) = p - 18. Suppose 5*y = 3*t - 76, 4*t - 40 = 4*y + 64. Suppose -4*d = 2*l - 64, -2*d - 4*l + t = 1. What is k(d)?
-1
Let h(k) be the first derivative of -3 - 1/24*k**4 + 0*k - 1/2*k**3 + 9*k**2. Let t(v) be the second derivative of h(v). Calculate t(3).
-6
Let x(t) = -4*t**3 + 12*t**2 + 18*t + 47. Let z(j) = 17*j**3 - 46*j**2 - 72*j - 206. Let q(v) = 9*x(v) + 2*z(v). Give q(9).
11
Let m = 11693 + -23385/2. Let l(h) be the third derivative of 1/12*h**4 + 1/60*h**5 + 0 - m*h**3 + 22*h**2 + 0*h. What is l(-3)?
0
Let n(f) = 3*f**2 + 12*f + 57. Let y be n(-11). Let k = y - 296. Let h(b) = b**2 + 7*b - 6. Determine h(k).
2
Let u(y) be the first derivative of 3/2*y**2 - 46 + 6*y. Give u(-4).
-6
Let w(h) = 0*h**2 + 277 - 11*h - 5*h - 270 + 7*h**2 - 4*h**2. Give w(6).
19
Let z be 90/(-63)*8/(64/(-28)). Let p(d) = 4*d + 5. Let t(q) = 4*q + 4. Let j(x) = 3*p(x) - 2*t(x). What is j(z)?
27
Let j(l) = 74*l - 2146. Let w be j(29). Let d(b) be the second derivative of w*b**3 + 1/2*b**2 + 0 - 1/12*b**4 + 19*b. Calculate d(-1).
0
Let q(n) be the first derivative of -n**3/3 - 5*n**2/2 + 50*n - 570. Give q(-10).
0
Let g(d) = d + 21. Let m(l) = -l - 5. Let b be (144/32)/((-1)/2). Let o(i) = b*m(i) - 2*g(i). Let f(t) = t**2 - 8*t - 2. Let a be f(8). Give o(a).
-11
Let n(k) = -k**2 + 8*k - 8. Let x be 64/6*18/8. Let t be 9/x - 315/(-56). What is n(t)?
4
Let p = 0 - -2. Let w(f) = -7*f + f**3 - 6 + p*f - 3*f**2 - 2*f**2. Suppose 2*l - 4*z - 25 - 19 = 0, -3*l - 2*z + 2 = 0. Give w(l).
0
Let r be 5 - ((-3)/(-9) - (-16)/6). Let u(q) = -5 + 0*q + 0*q + r + 2*q. Give u(-6).
-15
Let w(k) be the third derivative of -k**7/5040 + k**6/360 + 4*k**5/3 + 25*k**2. Let u(v) be the third derivative of w(v). Calculate u(8).
-6
Let q(k) = 13*k - 10. Suppose 359*g + 43 = 346*g - 35. Determine q(g).
-88
Suppose 14185*o = 14209*o - 72. Let d(n) = 2*n**3 - 2*n**2 + 3*n + 5. Give d(o).
50
Let o(p) = 2*p**3 - 2*p**2 - 2*p + 2. Let v = -11035 - -11035. Give o(v).
2
Suppose -3*l - 3*m + 3 = 0, 5*m - 3*m = 0. Let p be l/1*1/(-2)*0. Let w(r) = r**2 + r - 7. Give w(p).
-7
Let o(q) = q**3 + 5*q**2 - 3*q - 6. Let b be (-32)/2*(-1)/(16/60). Let l be (-2)/(-4) - 330/b. Give o(l).
9
Let y(q) = 2*q - 16. Let a be 0 + 2*(0 + 3/6)*-5. Calculate y(a).
-26
Let c(w) = -22*w**3 + 47*w**2 + 39*w + 4. Let u(n) = -5*n**3 + 11*n**2 + 9*n + 1. Let h(g) = -3*c(g) + 13*u(g). Let v be ((-3)/4)/((-1)/(-4)). What is h(v)?
-8
Let o be (-2 + 1 + -1)*1/2. Let t be (54/13 + (-6)/39)*o. Let d(g) = 2*g - 4. What is d(t)?
-12
Let t(f) = 6*f + 4. Let a(y) be the third derivative of -y**4/24 - 94*y**2. Let w(b) = 10*a(b) + 2*t(b). Give w(-6).
-4
Let h(k) = -3*k + 104. Let p be h(30). Let w(a) = -6*a + p*a - a - 2*a. Determine w(1).
5
Let x(u) be the third derivative of u**5/60 - 3*u**4/8 - 91*u**3/6 - 2195*u**2 - u. Calculate x(-6).
-1
Let m be 3/(6/8) - -3. Suppose -m*f = -1 - 27. Let g(i) = -f*i + i + 2 - 4. Give g(-2).
4
Let x(i) be the third derivative of i**7/140 + i**6/180 + i**5/60 + i**4/24 - 26*i**3/3 - 2*i**2 - 27. Let r(y) be the first derivative of x(y). Give r(-1).
-5
Let h = -223 - -251. Suppose 0 = -4*x + 8*x - h. Let g(a) = a**2 - 4*a + 3. What is g(x)?
24
Let v be (-3)/(-16)*4*(7 - 3). Let o(g) = 10*g - 1. Let w(h) = -12*h + 2. Let b(x) = v*w(x) + 4*o(x). Determine b(-5).
-18
Let i(p) be the second derivative of p**4/12 + 17*p**3/6 + p**2/2 + 25*p. Let d be i(-17). Let r(a) = -6*a**2 - a + 1. Determine r(d).
-6
Let b(n) = -n**2 - 4*n - 1. Let v be b(0). Let m(w) = w**3 + w + 1. Let k(c) = 5*c**3 + 5*c**2 + 7*c + 6. Let r(z) = v*k(z) + 6*m(z). What is r(4)?
-20
Let b(j) be the third derivative of -j**4/8 + 3*j**3 + 101*j**2. Determine b(5).
3
Let b(i) = 5 + 0*i - 9*i + 4 + i**2. Suppose -69*v + 194*v - 1000 = 0. Give b(v).
1
Let b(j) = -20*j**2 + 3 + j**3 + 16*j**2 - 13 + 4*j. Let i be b(4). Let h(n) = -n**2 + 6*n**2 - 4*n**2 - 6*n + 42 - 34. Determine h(i).
8
Let j(z) be the third derivative of -z**6/120 - z**5/20 - z**4/6 - 4748*z**2. Suppose 0*l - 2*i = -4*l - 6, -5*l = i + 18. What is j(l)?
12
Let b(l) = 2*l**2 - 8*l - 137. Let p(n) = n + 11. Let s(z) = b(z) + 7*p(z). Give s(-6).
18
Let q(c) = -564 + c - 356 + 930. Determine q(-1).
9
Let v(i) = -i. Let h(a) = a. Let b(w) = 2*h(w) + v(w). Let j be 54*14/63 - (8 + -2). Determine b(j).
6
Let g(l) be the first derivative of 2*l**2 - 20*l + 4 - 1/12*l**4 - 1/2*l**3. Let p(z) be the first derivative of g(z). What is p(-5)?
-6
Let n(j) = 2*j - 2. Let b(f) = 2*f - 6. Suppose 4*y - 16 = -0*y. Let o be b(y). Suppose 2*s + 3*t + 1 = 0, 4*s - 3*t = -o - 9. Give n(s).
-6
Suppo